{"id":1541,"date":"2020-03-12T12:27:19","date_gmt":"2020-03-12T11:27:19","guid":{"rendered":"https:\/\/www.spruchverfahren-direkt.de\/?page_id=1541"},"modified":"2020-07-01T12:03:12","modified_gmt":"2020-07-01T10:03:12","slug":"sixt-leasing-se","status":"publish","type":"page","link":"https:\/\/www.spruchverfahren-direkt.de\/?page_id=1541","title":{"rendered":"Sixt Leasing SE"},"content":{"rendered":"<p><strong>Zielgesellschaft:<\/strong> Sixt Leasing SE \u2013 ISIN: DE000A0DPRE6 \/ WKN A0DPRE \u2013 Geregelter Markt \u2013 Stand 12.03.2020: 20,61 Mio. Aktien, 34,12 % Streubestiz und Marktkapitalisierung 376,38 Millionen Euro. (<a href=\"https:\/\/www.dgap.de\/dgap\/Companies\/sixt-leasing-se\/?companyId=385273\" target=\"_blank\" rel=\"noopener noreferrer\"><strong>DGAP Ad-hoc Mitteilungen<\/strong><\/a>) (<a href=\"https:\/\/hcbe-offer.de\/websites\/1044_ma\/German\/1000\/bekanntmachungen.html\" target=\"_blank\" rel=\"noopener noreferrer\">Informationsseite Bieter<\/a>) (<a href=\"https:\/\/ir.sixt-leasing.de\/websites\/sixtleasing\/German\/3650\/freiwilliges-oeffentliches-uebernahmeangebot-der-hyundai-capital-bank-europe-gmbh.html\" target=\"_blank\" rel=\"noopener noreferrer\">Homepage Zielgesellschaft<\/a>)(<a href=\"https:\/\/www.bafin.de\/SharedDocs\/Downloads\/DE\/Angebotsunterlage\/sixt_leasing_se.html?nn=7845970\" target=\"_blank\" rel=\"noopener noreferrer\">Angebotsunterlage<\/a>)<\/p>\n<p><strong>Bieterin: <\/strong> <a href=\"https:\/\/www.hyundaicapitalbank.eu\/\" target=\"_blank\" rel=\"noopener noreferrer\">Hyundai Capital Bank Europe GmbH<\/a>, ein Joint Venture der <a href=\"https:\/\/www.santander.de\/privatkunden\/\" target=\"_blank\" rel=\"noopener noreferrer\">Santander Consumer Bank Aktiengesellschaft<\/a> und der <a href=\"http:\/\/about.hyundaicapital.com\/main.hc?lang=en\" target=\"_blank\" rel=\"noopener noreferrer\">Hyundai Capital Services Inc.<\/a> (Gesamtstimmrechtsanteile am 12.03.2020: unbekannt, nach Vollzug des Kaufvertrags alle Aktien der Sixt SE, also 41,9 %)<\/p>\n<p><strong>Annahmefrist:\u00a0<\/strong> 24. M\u00e4rz bis 30. April 2020, die Weitere Annahmefrist endete am 20. Mai 2020.<\/p>\n<p><strong>Beteiligungsverh\u00e4ltnisse nach \u00dcbernahmeangebot<\/strong>: Die Bieterin h\u00e4lt am <a href=\"https:\/\/hcbe-offer.de\/download\/companies\/ma1044\/104403pflicht\/200526_Ergebnisbekanntmachung.pdf\" target=\"_blank\" rel=\"noopener noreferrer\">Meldestichtag 20. Mai 2020<\/a> insgesamt 10.331.485 Sixt Leasing-Aktien = ca. 92,07 % aller Aktien.<\/p>\n<p><strong>Angebotspreis:<\/strong> Geldleistung in der H\u00f6he von <strong>EUR 18,00 pro Aktie zuz\u00fcglich EUR 0,90 Dividende f\u00fcr 2019<\/strong>, was aber unter dem Vorbehalt eines ausreichenden Bilanzgewinns steht. Die am 13.03.2020 ver\u00f6ffentlichte Mittelfristprognose steht noch unter dem Vorbehalt einer m\u00f6glichen Anpassung. <strong>Vorstand und Aufsichtsrat<\/strong> haben die Annahme des Angebots am 06.04.2020 in einer <a href=\"https:\/\/eqs-cockpit.com\/cgi-bin\/fncls.ssp?fn=redirect&amp;url=d1e415643564fa1a84833c57e7a5c5bd&amp;application_id=1016247&amp;site_id=news_data&amp;application_name=news\" target=\"_blank\" rel=\"noopener noreferrer\">gemeinsamen Stellungnahme<\/a> empfohlen (<a href=\"https:\/\/www.dgap.de\/dgap\/News\/corporate\/sixt-leasing-vorstand-und-aufsichtsrat-empfehlen-annahme-des-freiwilligen-oeffentlichen-uebernahmeangebots-der-hyundai-capital-bank-europe-gmbh\/?newsID=1310105\" target=\"_blank\" rel=\"noopener noreferrer\">DGAP-Mitteilung vom 06.04.2020<\/a>).<\/p>\n<p><strong>Angebotsbedingungen<\/strong>: unter anderem <strong>Mindestannahmeschwelle 55 %<\/strong> (\u00dcbernahmeangebot und Aktienkauf) sowie Erteilung bestimmter fusionskontrollrechtlicher und sonstiger regulatorischer Freigabe.<\/p>\n<p><strong>Delisting \/ Strukturma\u00dfnahmen<\/strong>: Die Angebotsunterlagen h\u00e4lt sich alle Optionen offen, Ziffer 17, Seiten 50 ff.<\/p>\n<p><strong>Bisherige Entwicklung: \u00a0 <\/strong><strong><a href=\"https:\/\/www.dgap.de\/dgap\/News\/adhoc\/sixt-leasing-hyundai-capital-bank-europe-gmbh-schliesst-mit-sixt-vereinbarung-ueber-den-erwerb-der-beteiligung-der-sixt-der-sixt-leasing-und-kuendigt-freiwilliges-oeffentliches-uebernahmeangebot-fuer-alle-aktien-der-sixt-leasing-a\/?newsID=1280909\" target=\"_blank\" rel=\"noopener noreferrer\">Insiderinformation vom 21.02.2020<\/a><\/strong>: Die Bieterin erwirbt alle &#8211;<strong> rund 41,9 %<\/strong> &#8211; von der Sixt SE gehaltenen Aktien an der Sixt Leasing SE. Der <strong>Kaufpreis<\/strong> betr\u00e4gt<strong> EUR 18,00 zuz\u00fcglich der Dividende f\u00fcr 2019 in der H\u00f6he von EUR 0,90<\/strong>, falls der <strong>Kaufvertrag<\/strong> noch vor der ordentlichen Hauptversammlung der Sixt Leasing SE vollzogen wird und ein ausreichender Bilanzgewinn besteht. Eine weitere\u00a0 <strong><a href=\"https:\/\/www.dgap.de\/dgap\/News\/adhoc\/stellungnahme-der-sixt-leasing-berichten-ueber-einen-beabsichtigten-verkauf-der-beteiligung-der-sixt-der-sixt-leasing-se\/?newsID=1278635\" target=\"_blank\" rel=\"noopener noreferrer\">Insiderinformation vom 19.02.2020<\/a><\/strong> best\u00e4tigt Medienberichte, wonach die Sixt SE mit der Bieterin \u00fcber den Verkauf ihrer Beteiligung an der Sixt Leasing SE <strong>verhandelt<\/strong>. Der Ver\u00e4u\u00dferungspreis soll bei EUR 18,00 zuz\u00fcglich der Dividende f\u00fcr das Gesch\u00e4ftsjahr 2019 betragen. Au\u00dferdem erw\u00e4ge die Bieterin ein begleitendes freiwilliges \u00f6ffentliches \u00dcbernahmeangebot f\u00fcr die \u00fcbrigen Aktien abzugeben.<\/p>\n<p><strong>\u00a0<\/strong><\/p>\n","protected":false},"excerpt":{"rendered":"<p>Zielgesellschaft: Sixt Leasing SE \u2013 ISIN: DE000A0DPRE6 \/ WKN A0DPRE \u2013 Geregelter Markt \u2013 Stand 12.03.2020: 20,61 Mio. Aktien, 34,12 % Streubestiz und Marktkapitalisierung 376,38 Millionen Euro. (DGAP Ad-hoc Mitteilungen) (Informationsseite Bieter) (Homepage Zielgesellschaft)(Angebotsunterlage) Bieterin: Hyundai Capital Bank Europe GmbH, ein Joint Venture der Santander Consumer Bank Aktiengesellschaft und der Hyundai Capital Services Inc. (Gesamtstimmrechtsanteile [&hellip;]<\/p>\n","protected":false},"author":2,"featured_media":0,"parent":0,"menu_order":0,"comment_status":"closed","ping_status":"closed","template":"","meta":{"om_disable_all_campaigns":false,"sfsi_plus_gutenberg_text_before_share":"","sfsi_plus_gutenberg_show_text_before_share":"","sfsi_plus_gutenberg_icon_type":"","sfsi_plus_gutenberg_icon_alignemt":"","sfsi_plus_gutenburg_max_per_row":"","_monsterinsights_skip_tracking":false,"_monsterinsights_sitenote_active":false,"_monsterinsights_sitenote_note":"","_monsterinsights_sitenote_category":0,"_uf_show_specific_survey":0,"_uf_disable_surveys":false,"_genesis_hide_title":false,"_genesis_hide_breadcrumbs":false,"_genesis_hide_singular_image":false,"_genesis_hide_footer_widgets":false,"_genesis_custom_body_class":"","_genesis_custom_post_class":"","_genesis_layout":"","footnotes":""},"class_list":{"0":"post-1541","1":"page","2":"type-page","3":"status-publish","5":"entry"},"aioseo_notices":[],"_links":{"self":[{"href":"https:\/\/www.spruchverfahren-direkt.de\/index.php?rest_route=\/wp\/v2\/pages\/1541","targetHints":{"allow":["GET"]}}],"collection":[{"href":"https:\/\/www.spruchverfahren-direkt.de\/index.php?rest_route=\/wp\/v2\/pages"}],"about":[{"href":"https:\/\/www.spruchverfahren-direkt.de\/index.php?rest_route=\/wp\/v2\/types\/page"}],"author":[{"embeddable":true,"href":"https:\/\/www.spruchverfahren-direkt.de\/index.php?rest_route=\/wp\/v2\/users\/2"}],"replies":[{"embeddable":true,"href":"https:\/\/www.spruchverfahren-direkt.de\/index.php?rest_route=%2Fwp%2Fv2%2Fcomments&post=1541"}],"version-history":[{"count":0,"href":"https:\/\/www.spruchverfahren-direkt.de\/index.php?rest_route=\/wp\/v2\/pages\/1541\/revisions"}],"wp:attachment":[{"href":"https:\/\/www.spruchverfahren-direkt.de\/index.php?rest_route=%2Fwp%2Fv2%2Fmedia&parent=1541"}],"curies":[{"name":"wp","href":"https:\/\/api.w.org\/{rel}","templated":true}]}}